{"id":8,"date":"2014-04-24T14:24:22","date_gmt":"2014-04-24T13:24:22","guid":{"rendered":"http:\/\/gmbk.dk\/?page_id=8"},"modified":"2024-02-11T22:09:07","modified_gmt":"2024-02-11T21:09:07","slug":"forside","status":"publish","type":"page","link":"https:\/\/gmbk.dk\/","title":{"rendered":"Forside"},"content":{"rendered":"<h1>Velkommen til Gr\u00e6nseegnens Mountainbike Klub \ud83d\ude42<\/h1>\n<h4><span style=\"color: #0000ff;\">Denne side er, som s\u00e5 mange hjemmesider andre lidt statisk. Hvis du vil f\u00f8lge dagsaktuelle aktiviteter,<\/span><br \/>\n<span style=\"color: #0000ff;\"> er det bedst hvis du\u00a0ser med p\u00e5 Facebook gruppen: Gr\u00e6nseegnens Mountainbike Klub<\/span><\/h4>\n<div class=\"boxes\">\n<div class=\"box four first\">\n<h2>Nyheder<\/h2>\n<p>GMBK tog initiativet til at s\u00f8ge Friluftsr\u00e5det om midler til at anl\u00e6gge en Balance- og Motorikbane lige overfor Kelstrup Naturskole.<br \/>\nM\u00e5lgruppen er ikke kun os p\u00e5 MTB, men ALLE der har lyst til at udvikle sig motorisk. Men det er klart udfordrende for os p\u00e5 hjul, n\u00e5r andre personer udfordres p\u00e5 g\u00e5-ben \ud83d\ude09<\/p>\n<\/div>\n<div class=\"box four\">\n<h2>MobilePay<\/h2>\n<p>Nu kan du ogs\u00e5 betale din kontingent via MobilePay p\u00e5 nr: 346274<br \/>\nVi forventer at rigtig mange nu v\u00e6lger at betale p\u00e5 den m\u00e5de.<br \/>\nHusk pengene g\u00e5r ikke til tant og fjas &#8211; men direkte til sporbyggeri &#x1f4aa;<\/p>\n<\/div>\n<div class=\"box four last\">\n<h2>Galleri<\/h2>\n<p>Alle vil gerne se seje billeder af sig selv og andre i fuld aktion.<br \/>\nSe under Galleri og kom med forslag til billeder du gerne vil have med.<br \/>\nVi mener det faktisk &#8211; kom med nogle billeder og vi poster dem her&#8230;<\/p>\n<\/div>\n<\/div>\n<h3 style=\"text-align: left;\"><\/h3>\n<h3 style=\"text-align: left;\"><\/h3>\n<h3 style=\"text-align: left;\"><\/h3>\n<h3 style=\"text-align: left;\"><\/h3>\n<h3 style=\"text-align: left;\"><\/h3>\n<h3 style=\"text-align: left;\"><\/h3>\n<h3 style=\"text-align: left;\"><\/h3>\n<h3 style=\"text-align: left;\"><\/h3>\n<h3 style=\"text-align: left;\"><\/h3>\n<h3 style=\"text-align: left;\"><\/h3>\n<h3 style=\"text-align: left;\"><\/h3>\n<h3 style=\"text-align: left;\"><\/h3>\n<h3 style=\"text-align: left;\"><\/h3>\n<h3 style=\"text-align: left;\"><\/h3>\n<h3 style=\"text-align: left;\"><\/h3>\n<h3 style=\"text-align: left;\"><\/h3>\n<h3 style=\"text-align: left;\"><\/h3>\n<h3 style=\"text-align: left;\"><\/h3>\n<h3 style=\"text-align: left;\"><\/h3>\n<h3 style=\"text-align: left;\"><\/h3>\n<h3 style=\"text-align: left;\"><\/h3>\n<h3 style=\"text-align: left;\"><\/h3>\n<h3 style=\"text-align: left;\"><\/h3>\n<h3 style=\"text-align: left;\"><\/h3>\n<h3 style=\"text-align: left;\"><\/h3>\n<h3 style=\"text-align: left;\"><\/h3>\n<h3 style=\"text-align: left;\"><\/h3>\n<h3 style=\"text-align: left;\"><\/h3>\n<h3 style=\"text-align: left;\"><\/h3>\n<h3 style=\"text-align: left;\"><\/h3>\n<h3 style=\"text-align: left;\"><\/h3>\n<h3 style=\"text-align: left;\"><\/h3>\n<h3 style=\"text-align: left;\"><\/h3>\n<h3 style=\"text-align: left;\"><\/h3>\n<h3 style=\"text-align: left;\"><\/h3>\n<h3 style=\"text-align: left;\">S\u00e5dan startede det hele&#8230;<\/h3>\n<div class=\"boxes\">\n<div class=\"box two first\">\n<p>Lige fra starten har vi haft et fortr\u00e6ffeligt samarbejde med Naturstyrelsen i Gr\u00e5sten. Glem alt om tr\u00e6ge statslige beslutningsprocesser &#8211; vi har i stedet m\u00f8dt en hurtigtarbejdende, fleksibel og ikke mindst modig og tillidsfuld organisation hos Naturstyrelsen i Gr\u00e5sten.<\/p>\n<p>Allerede p\u00e5 de f\u00f8rste m\u00f8der, m\u00f8dte vi en stor accept og forst\u00e5else for vores id\u00e9, og siden er der vist os en stor tillid og en stor grad af frihed, til at kunne gennemf\u00f8re vore planer.<\/p>\n<\/div>\n<div class=\"box two last\">\n<p>Undervejs har vi afstemt vore gensidige forestillinger og forventninger og en fin konstruktiv dialog har pr\u00e6get samarbejdet herom siden f\u00f8rste opl\u00e6g. Vi har forpligtet os til at passe og pleje sporet i minimum 5 \u00e5r. Det s\u00e6tter vi en \u00e6re i.<\/p>\n<p>Vi er meget trygge ved at det store frivillige arbejde vi l\u00e6gger i projektet, er en meget sikker investering, idet hele Danmark st\u00e5r bag Naturstyrelsen og dermed sikrer projektet med en slags statslig garanti. Vi kunne ikke \u00f8nske os en bedre samarbejdspartner \ud83d\ude42<\/p>\n<\/div>\n<\/div>\n<h5><\/h5>\n<h3><\/h3>\n<h3><\/h3>\n<h3><\/h3>\n<h3><\/h3>\n<h3><\/h3>\n<h3><\/h3>\n<h3><\/h3>\n<h3><\/h3>\n<h3><\/h3>\n<pre>\n\n\n\n<\/pre>\n<pre><\/pre>\n<h3 style=\"text-align: left;\"><strong>Kontakt os:<\/strong><\/h3>\n<div style=\"text-align: left;\">Generel henvendelse:\u00a0<a href=\"mailto:gmbk.info@gmail.com\" target=\"_blank\" rel=\"noopener\">gmbk.info@gmail.com<\/a><\/div>\n<div style=\"text-align: left;\">Kasserer:\u00a0<a href=\"mailto:gmbk.kasserer@gmail.com\" target=\"_blank\" rel=\"noopener\">gmbk.kasserer@gmail.com<\/a>\u00a0Jacob J.<\/div>\n<div style=\"text-align: left;\">Formand: <a href=\"mailto:gmbk.formand@gmail.com\" target=\"_blank\" rel=\"noopener\">gmbk.formand@gmail.com<\/a> Gunnar L. Mobil: +45 23404755<\/div>\n<pre><\/pre>\n<div style=\"text-align: left;\">Facebook:\u00a0<a href=\"https:\/\/www.facebook.com\/groups\/GraenseegnensMTB\" target=\"_blank\" rel=\"noopener\">https:\/\/www.facebook.com\/groups\/GraenseegnensMTB<\/a><\/div>\n<pre>\n\n\n\n<\/pre>\n<h3><span style=\"color: #ff6600;\">Denne hjemmeside er kun mulig, ved at www.maack-it.dk hoster p\u00e5 meget favorable vilk\u00e5r &#8211; vi takker \ud83d\ude42<\/span><\/h3>","protected":false},"excerpt":{"rendered":"<p>Velkommen til Gr\u00e6nseegnens Mountainbike Klub \ud83d\ude42 Denne side er, som s\u00e5 mange hjemmesider andre lidt statisk. Hvis du vil f\u00f8lge dagsaktuelle aktiviteter, er det bedst hvis du\u00a0ser med p\u00e5 Facebook gruppen: Gr\u00e6nseegnens Mountainbike Klub Nyheder GMBK tog initiativet til at s\u00f8ge Friluftsr\u00e5det om midler til at anl\u00e6gge en Balance- og Motorikbane lige overfor Kelstrup Naturskole. [&hellip;]<\/p>\n","protected":false},"author":4,"featured_media":0,"parent":0,"menu_order":0,"comment_status":"open","ping_status":"closed","template":"","meta":{"footnotes":""},"_links":{"self":[{"href":"https:\/\/gmbk.dk\/index.php?rest_route=\/wp\/v2\/pages\/8"}],"collection":[{"href":"https:\/\/gmbk.dk\/index.php?rest_route=\/wp\/v2\/pages"}],"about":[{"href":"https:\/\/gmbk.dk\/index.php?rest_route=\/wp\/v2\/types\/page"}],"author":[{"embeddable":true,"href":"https:\/\/gmbk.dk\/index.php?rest_route=\/wp\/v2\/users\/4"}],"replies":[{"embeddable":true,"href":"https:\/\/gmbk.dk\/index.php?rest_route=%2Fwp%2Fv2%2Fcomments&post=8"}],"version-history":[{"count":87,"href":"https:\/\/gmbk.dk\/index.php?rest_route=\/wp\/v2\/pages\/8\/revisions"}],"predecessor-version":[{"id":739,"href":"https:\/\/gmbk.dk\/index.php?rest_route=\/wp\/v2\/pages\/8\/revisions\/739"}],"wp:attachment":[{"href":"https:\/\/gmbk.dk\/index.php?rest_route=%2Fwp%2Fv2%2Fmedia&parent=8"}],"curies":[{"name":"wp","href":"https:\/\/api.w.org\/{rel}","templated":true}]}}